he highest common factor of 2200707 and 16153.
557
What is the greatest common divisor of 8668 and 1110292?
788
Calculate the greatest common factor of 71811152 and 1008.
112
Calculate the highest common factor of 2795573 and 711.
79
What is the greatest common factor of 118628825 and 161?
161
Calculate the highest common factor of 300806 and 226.
226
Calculate the greatest common factor of 37 and 248281877.
37
What is the greatest common factor of 901547360 and 112?
112
Calculate the greatest common divisor of 904 and 24923506.
226
What is the greatest common divisor of 13129504 and 96?
32
What is the greatest common factor of 51458 and 13178?
22
What is the greatest common factor of 20920806 and 1308?
654
Calculate the highest common divisor of 169 and 31121857.
169
Calculate the highest common factor of 37411 and 27.
1
Calculate the highest common factor of 258 and 368898.
6
What is the highest common factor of 14245 and 8276752?
407
What is the highest common divisor of 93960 and 164040?
120
What is the highest common factor of 366 and 2784822?
6
Calculate the highest common divisor of 3138961 and 28245.
1883
Calculate the highest common factor of 625 and 6525125.
125
What is the highest common factor of 543974452 and 112?
28
What is the highest common factor of 103648 and 31438208?
2528
Calculate the highest common factor of 20006292 and 1220.
244
What is the highest common factor of 605 and 150616686?
121
Calculate the highest common factor of 232 and 11735144.
8
What is the highest common divisor of 693 and 7776657?
63
Calculate the greatest common factor of 10 and 658589720.
10
Calculate the greatest common divisor of 300159 and 18729.
9
Calculate the highest common factor of 383283 and 28083.
111
What is the highest common divisor of 5534 and 29969377?
2767
What is the greatest common divisor of 26369607 and 8393?
1199
What is the greatest common factor of 42313 and 3123695?
2489
Calculate the greatest common divisor of 2684 and 12960121.
61
What is the highest common factor of 13963975 and 79100?
2825
Calculate the highest common divisor of 1101000 and 9800.
200
Calculate the greatest common divisor of 96427783 and 9445.
1889
What is the highest common factor of 174 and 526074500?
58
Calculate the highest common divisor of 24129 and 11249.
7
Calculate the greatest common factor of 29502246 and 222.
222
Calculate the greatest common divisor of 9 and 19844163.
9
Calculate the greatest common divisor of 668 and 10576778.
334
What is the greatest common divisor of 2237400 and 160?
40
What is the highest common factor of 424 and 65276920?
424
What is the greatest common factor of 90819252 and 144?
36
Calculate the greatest common divisor of 2700 and 596218320.
540
Calculate the greatest common factor of 4712 and 2387768.
152
Calculate the greatest common divisor of 51555 and 45945.
15
Calculate the highest common factor of 204 and 37610.
2
Calculate the highest common divisor of 2324590 and 190.
10
What is the greatest common divisor of 14476 and 21308?
28
Calculate the greatest common divisor of 1004563005 and 15.
15
Calculate the highest common divisor of 33971 and 2097508.
161
What is the greatest common divisor of 52833 and 19173?
33
Calculate the highest common factor of 58989245 and 35.
35
Calculate the highest common divisor of 130107 and 64511.
31
Calculate the greatest common divisor of 16880190 and 120.
30
Calculate the greatest common divisor of 48732438 and 12.
6
Calculate the highest common divisor of 547132 and 2752.
172
What is the highest common divisor of 993 and 13373393?
331
What is the highest common divisor of 22 and 53470835?
11
Calculate the greatest common divisor of 539 and 626897887.
77
Calculate the greatest common factor of 3299188 and 164.
164
Calculate the greatest common factor of 148592 and 280312.
296
What is the greatest common divisor of 82963413 and 45?
9
Calculate the greatest common factor of 10946432 and 2912.
224
What is the greatest common factor of 23 and 29485195?
23
Calculate the greatest common divisor of 106 and 24203722.
106
Calculate the greatest common factor of 33077 and 6385995.
1067
Calculate the greatest common divisor of 27 and 53573031.
9
Calculate the greatest common divisor of 310068 and 108.
108
What is the greatest common divisor of 128650 and 424700?
1550
What is the greatest common factor of 1432 and 15496209?
179
What is the highest common divisor of 1822131 and 3111?
183
What is the greatest common divisor of 26 and 227617?
13
Calculate the highest common factor of 844 and 36016.
4
What is the greatest common factor of 53757984 and 104?
8
Calculate the greatest common factor of 263500 and 86428.
2108
Calculate the highest common factor of 515904853 and 1786.
893
Calculate the highest common factor of 111078912 and 9728.
512
Calculate the greatest common divisor of 856 and 41036.
4
Calculate the greatest common factor of 20455317 and 7362.
3681
Calculate the highest common divisor of 90640 and 6283.
103
What is the highest common divisor of 7416 and 201?
3
Calculate the greatest common divisor of 2970 and 155366190.
90
What is the highest common factor of 686285 and 90625?
145
Calculate the highest common divisor of 800192 and 832.
64
What is the highest common factor of 10989 and 44286484?
407
What is the greatest common factor of 1194990 and 18300?
1830
Calculate the highest common divisor of 2376391470 and 2148.
1074
Calculate the highest common divisor of 106053 and 34278.
87
What is the highest common divisor of 8007 and 3205155?
471
What is the highest common factor of 280409547 and 33?
33
Calculate the greatest common divisor of 9620 and 310349.
13
Calculate the greatest common divisor of 12102 and 934679817.
6051
Calculate the greatest common factor of 126 and 35974008.
126
Calculate the highest common factor of 806 and 5874804.
26
Calculate the greatest common divisor of 320597 and 90160.
23
What is the greatest common factor of 4743968 and 1216?
32
What is the greatest common divisor of 148803133 and 59?
59
What is the highest common divisor of 12926 and 1250312591?
6463
What is the greatest common factor of 7650226 and 26162?
254
Calculate the highest common factor of 3704 and 18545465.
463
What is the highest common divisor of 2392 and 2351244?
92
What is the highest common divisor of 179 and 157313434?
179
Calculate the greatest common divisor of 239848 and 2632.
56
What is the highest common factor of 1821797 and 1139?
67
Calculate the greatest common divisor of 22685 and 871.
13
Calculate the highest common factor of 4837 and 96978.
7
What is the highest common factor of 1896183 and 3645?
27
Calculate the greatest common factor of 27 and 82836729.
27
Calculate the highest common divisor of 287370 and 22785.
465
Calculate the highest common divisor of 135553 and 5522.
11
Calculate the greatest common factor of 369628 and 4735332.
1204
What is the highest common factor of 2488413 and 5535?
123
Calculate the greatest common divisor of 1249000 and 23500.
500
What is the greatest common divisor of 54259155 and 24225?
4845
Calculate the highest common divisor of 78754 and 14.
2
What is the highest common divisor of 20845393 and 1739?
1739
Calculate the highest common factor of 4828 and 13466992.
68
What is the greatest common divisor of 5646542 and 176?
22
Calculate the greatest common factor of 35 and 6289549.
7
Calculate the greatest common divisor of 156 and 6487548.
12
Calculate the greatest common divisor of 738 and 13537278.
18
Calculate the greatest common divisor of 124620 and 1662.
6
What is the greatest common factor of 22081466 and 1177?
11
Calculate the greatest common factor of 284 and 2570342.
142
Calculate the greatest common divisor of 145387306 and 1754.
1754
What is the highest common divisor of 9250254 and 7020?
702
What is the highest common divisor of 1310448768 and 1536?
384
What is the greatest common factor of 775054 and 7714?
406
What is the greatest common factor of 2241 and 17526114?
747
What is the greatest common divisor of 35 and 36994195?
35
Calculate the greatest common divisor of 55070 and 176.
2
Calculate the greatest common divisor of 1705319 and 4928.
77
Calculate the highest common factor of 149080243 and 182.
13
What is the gr